-2)/(-1 - 9)). Let n(g) = -16 + 26 + 6*g + g**2 + g**2 - g**2. Let z(u) = -2*u**2 - 12*u - 21. Let d(j) = -13*n(j) - 6*z(j). What is d(l)?
1
Let m(s) = -s**3 - 7*s**2 - 3*s + 5. Suppose -o - 3*a = -8*a - 13, -2*a = -10. Suppose 0 = 6*t + o - 8. What is m(t)?
-30
Suppose -133 = 10*s - 17*s. Let d(p) = 7*p - s*p - 1 + 3 + 15*p. Let b(g) = 2*g - 6. Let v be b(4). Determine d(v).
8
Let c(i) be the second derivative of -2*i**3 - 11*i**2/2 + 391*i - 1. Calculate c(-6).
61
Let r(s) = s**2 + 23*s - 9. Suppose 552 = -9*p - 14*p. Give r(p).
15
Let r(i) = 7*i + 4. Let p(y) = 8*y + 5. Let t = 25 + -20. Let w(s) = t*r(s) - 4*p(s). Let k be -2 - 4/(-2) - -3. What is w(k)?
9
Suppose y + 84 = -2*o - y, -5*o + 4*y = 237. Let j = 42 + o. Let a(b) = -2*b**2 + b. Determine a(j).
-21
Let n(u) = -2 + 3 - 3*u**2 + 3*u + 2*u**2. Let p(w) = -3*w + 4. Let b be p(-1). Suppose b*h = -12 + 33. Give n(h).
1
Let s(p) be the third derivative of 42*p**2 + 1/6*p**3 + 1/24*p**4 + 0 + 0*p. What is s(-10)?
-9
Let m(f) = -f + 8 - 2 + 2 - 3 - 3. Suppose -3*y = -4*j - 5 + 13, -3*j - 2*y = -6. Suppose -j*z + 2 = -4. Calculate m(z).
-1
Suppose 5*a = -0*w - 4*w + 37, 4*a - 20 = 0. Suppose -3*k + 5*x = -174, w*k - 174 = -2*x - 3*x. Let m(n) = -2 - 54*n + 6 + k*n. Give m(-7).
-24
Let n(q) = 5*q**2 - 6*q. Suppose -5*u - 49 = 2*u. Let x(k) = 6*k**2 - 8*k + 1. Let g(p) = u*n(p) + 6*x(p). Give g(5).
1
Suppose 5*s = 3*z - 26, -5*z = -4*s + s - 38. Suppose 4*m - 8*m - 10 = -5*k, 2*k - z = m. Let p(n) = -17408 + 0*n + 5807 + 5804 + 5811 - n. What is p(k)?
8
Let j(k) = -k**2 + 46*k - 328. Let t be j(9). Let l(z) be the third derivative of z**4/12 + z**3/6 + 6*z**2. Give l(t).
11
Let t = 3547 - 3546. Let n(a) = 2*a - 3. What is n(t)?
-1
Let m be 15 + (-19 - -11) + -4. Let z(d) = -d + 12. Calculate z(m).
9
Let y be 2 + 4 + -12 + 6. Let q(a) = 42 - a**3 - a**2 - 85 + y*a**3 + 47. What is q(-3)?
22
Let h = 201 - 164. Let c(n) = n**2 + 73*n + 0*n**2 + 1 - 29*n - h*n. Let z be -8 + 1 + -2 + 2. Give c(z).
1
Suppose 104*q - 618 - 6 = 0. Let d(o) = -2*o**3 + 15*o**2 - 19*o + 9. Calculate d(q).
3
Suppose 7*i + 75 = 2*i. Let w = i - -18. Suppose -w*m - 23 = l - 8*m, 0 = -3*l + 5*m - 19. Let r(c) = 7*c**2 - 3*c. What is r(l)?
22
Let y(i) = -i**3 - 7*i**2 - 4*i + 2. Let w(z) = 5*z**3 - 3*z**2 - 2*z. Let m = -4 + 35. Suppose -4*j + m - 35 = 0. Let d be w(j). Calculate y(d).
-10
Let l be (-15)/12 + (-6)/24*19 - 2. Let a(k) = k**2 + 6*k + 6. Determine a(l).
22
Suppose -3*p - 12 = -0. Let z(c) be the second derivative of -3*c**3/2 - 2*c**2 - 44*c - 90. What is z(p)?
32
Let h(s) be the second derivative of 0*s**3 + 0 - 3*s**2 - 19*s + 1/20*s**5 + 1/2*s**4. Give h(-6).
-6
Let u(y) = y - 2. Let h(o) = -15*o + 21. Let j(i) = h(i) + 12*u(i). Determine j(-12).
33
Let u(s) = -s**3 - 7*s**2 - 2*s + 8. Let i be (-280)/84*(-72)/(-4). Let l = 165 + -111. Let p = i + l. Give u(p).
-16
Let s(g) = 15*g**2 + 4*g - 258*g**3 - g**2 + 47 + 260*g**3. Calculate s(-7).
19
Let b(k) be the third derivative of 11*k**4/12 + 7*k**3/6 + 3*k**2 + 2*k + 796. Give b(3).
73
Let c = 155 - 152. Suppose 2*g = 4*s, s + s = 0. Let z(x) = x**c + 2*x**3 - 2*x**3 - 6*x**2 + 3 + g. Determine z(6).
3
Let b(i) = -3*i**3 - i**2 + 3*i + 3. Let g be -40 + -3 + 1 - -2. Let a = g - -56. Suppose -14*u = -a*u - 4. Calculate b(u).
17
Let q(t) = 10*t**3 + 13*t**2 - 11*t + 5. Let d(u) = -13*u**3 - 15*u**2 + 15*u - 6. Let i(b) = 3*d(b) + 4*q(b). Determine i(-6).
32
Let l(y) be the first derivative of y**2 + 45*y - 17. Let q be l(-20). Let s(b) = 3*b - 6. Let r(g) = 7*g - 13. Let o(d) = q*s(d) - 2*r(d). Give o(2).
-2
Let p(r) be the first derivative of r**3/3 - r**2/2 - 2*r - 889. Suppose 3*c = 6 + 9. Suppose -7 = c*t + 3. Give p(t).
4
Suppose 7044 = -5*c + 6959. Let j(u) = u**2 + 15*u - 2. Calculate j(c).
32
Suppose 8*x + 21 = -19. Let o be (-1 - 3/x)*(-130)/26. Let t(d) = -8*d + 17*d - 6*d + 0*d + 7 + d**o. Give t(-6).
25
Suppose -15*r - 7843 + 7798 = 0. Let l(h) = -h**3 - 3*h**2 + 6. Let i(a) = -2*a**3 - 6*a**2 + 11. Let n(j) = 3*i(j) - 5*l(j). Calculate n(r).
3
Suppose -2*n + i = -690, 0 = 3*n + 5*i + 279 - 1314. Let z be ((-178)/3)/(2/(-6)). Let k(l) = 172*l + z*l + 1 - n*l. Determine k(4).
21
Suppose -2*f = 48 - 50. Let i(a) = -f - 8*a**2 - 12*a**2 - 4*a**2 - 6*a + 23*a**2 + 8. Let r be 2 - (-1 + 11/1). Give i(r).
-9
Suppose 96*b - 98*b = -8. Let o(n) = -b*n - 1 + n**3 - n**2 + 0 + 2 + 0*n**2. Determine o(3).
7
Let u(n) = -3*n + 3. Let z(g) = 9*g - 7. Let b(j) = 7*u(j) + 2*z(j). Let m be b(0). Let c(a) = -m*a + 6*a + 5*a. What is c(-3)?
-12
Let r(u) = 2*u**2 + 3*u - 6. Let k(m) = m**2 + m - 3. Let w(h) = 9*k(h) - 4*r(h). Suppose -14*q - 9*q + 154 = 65*q - 11*q. What is w(q)?
-5
Let d(n) = -n**3 + 3*n**2 + n - 1. Suppose -2*w + 779 = -5*o - 42, -w = 4*o + 649. Let a = 161 + o. Calculate d(a).
17
Let z(m) = -34*m - 16. Let a(f) = 13*f + 5. Let d be 30/75*(39 - -1)/(-4). Let o(y) = d*z(y) - 11*a(y). Calculate o(5).
-26
Let b(q) = 2*q - 4. Let f(r) = 61*r - 2. Let s(v) = -2*b(v) + f(v). Give s(2).
120
Let b(q) be the second derivative of -q**3/6 - q**2 + 954*q. Suppose -5*m = -4*s - 37, -2*s = -2*m - 3 + 21. What is b(s)?
6
Let j(l) = 11*l + 9*l - 30*l + 9*l - 5 - 1. Let o(y) = 4*y**2 - 4*y - 2. Let r(f) = f - 7. Let g be r(9). Let v be o(g). Give j(v).
-12
Let r(i) = -67*i - 4. Let u(d) = 76*d + 5. Let c(q) = 9*r(q) + 8*u(q). Determine c(11).
59
Let u be (5 - (-6)/(-1))*(-4)/2. Let d(j) = -108*j**2 + 2 - u - j + 110*j**2 + j**3. Let f = -24 + 21. Give d(f).
-6
Let c(n) = -5*n - 1. Let a(o) = -92*o - 3. Let f(p) = a(p) - 4*c(p). What is f(1)?
-71
Let v(l) = -l**3 - 12*l**2 - 26*l - 77. Suppose 0 = -5*i + 4*z - 2 - 68, 2*z = 5*i + 60. Give v(i).
-17
Suppose -3*p = 0, 2*g = -5*p + 2*p + 10. Suppose c + 3 - 18 = g*d, -2*c + 5*d = -20. Let j(a) = 4*a - 14. Give j(c).
6
Let f(d) = 120*d + 130*d - 168 - 9 + 94*d - 367*d. Give f(-8).
7
Let j(u) = -88*u - 1930. Let z be j(-22). Let w(k) = -k**2 + 24*k - 114. Give w(z).
-6
Let i be 22*((-20)/4)/(-10). Suppose 5*p = i*p - 24. Let q(k) be the first derivative of -k**3/3 + 3*k**2 - 5*k + 1. Determine q(p).
3
Let j(n) = -154*n - 4. Let l(q) = 116*q + 5. Let u(s) = -2*j(s) - 3*l(s). Determine u(1).
-47
Let t(l) = -4*l**3 - 19*l**2 + 3*l - 10. Let n be t(-5). Let y(q) = 4 + 13*q - 5*q + n*q - 3*q. Calculate y(-4).
-16
Let j(n) = 38*n**2 - 3*n - 2. Let v be 9/(-6)*(-10)/(-15). Let l be j(v). Let p(m) = -25*m + 1 + l*m - 19*m. What is p(-2)?
11
Let o(r) be the second derivative of -r**4/12 + 4*r**3/3 + r**2 - 2*r - 539. What is o(7)?
9
Let z(q) = -8*q + 35. Let u(f) = f - 1. Suppose 0 = -j - 1 - 0. Let l(n) = j*z(n) - 6*u(n). Let t be l(16). Let y(x) = -x**3 + 4*x**2 - x - 3. Give y(t).
3
Suppose 437*o - 264*o - 137 = 5918. Let p(m) = m**3 - 36*m**2 + 32*m + 111. Give p(o).
6
Let l(n) be the second derivative of 7 - 1/3*n**3 - 1/2*n**4 - 1/2*n**2 - 2*n. Give l(-1).
-5
Let w(h) = -2*h**2 - 10*h + 55. Suppose 0 = -26*v + 10*v - 54 - 90. Give w(v).
-17
Let z = -11 - 4. Let t = 7 - z. Let o(f) = 6*f + 14*f - t*f. Give o(-4).
8
Let f = -125 + 122. Let m be (3/(f/4))/(21/(-21)). Let q(v) = -174 + m*v - 173 + 347. Determine q(1).
4
Let x(t) = t**2 - 2*t + 1. Let w be x(-3). Let v(z) = 17*z + 87*z**2 + 89 - 25*z**2 - 102 - 63*z**2. Determine v(w).
3
Let c(i) = -i**3 - 3*i**2 - 3*i - 4. Suppose 3*m = -5 + 14. Let x be 48 - (m - 14/(4/2)). Let s = -55 + x. Give c(s).
5
Let f(y) be the second derivative of y**4/12 - y**3/6 - 14*y**2 + 118*y. Let j = 14 + -14. What is f(j)?
-28
Let q(l) = -l + 11. Suppose 0 = h - 118 - 74. Let c = h + -179. What is q(c)?
-2
Let m(p) = -p**3 - 5*p**2 - 4*p - 5. Let k(t) = -2*t**3 - 10*t**2 - 8*t - 12. Let w(q) = -3*k(q) + 5*m(q). Give w(-5).
-9
Let j(c) = 11*c**2 - 2*c. Suppose -12*o + 10 = -7*o - 3*f, 5*o = -4*f - 25. Determine j(o).
13
Let w(i) = -2*i**2 + 8*i - 3. Suppose -5*v - 5*h + 102 = 27, -4*v + 3*h + 39 = 0. Suppose -v = 2*z - 18. Give w(z).
3
Suppose -11 = -4*s - 23, 4*d - 2*s - 22 = 0. Let b(a) = -12*a - 2. Determine b(d).
-50
Suppose 8*g - 8*g + 9*g = 0. Let l(m) be the first derivative of 21/2*m**2 + 12 + g*m. Calculate l(1).
21
Let d be 0/(-4 + 2 - 0). Let z(y) be the first derivative of y**5/60 - y**4/24 - 4*y**3 + y**2/2 - 2. Let r(v) be the second derivative of z(v). Give r(d).
-24
Let 